{"id":424,"date":"2025-11-24T14:20:05","date_gmt":"2025-11-24T13:20:05","guid":{"rendered":"https:\/\/marcrebuffo.com\/index.php\/produit\/croquants-au-miel-et-amandes\/"},"modified":"2026-03-04T12:51:44","modified_gmt":"2026-03-04T11:51:44","slug":"croquants-au-miel-et-amandes","status":"publish","type":"product","link":"https:\/\/marcrebuffo.com\/index.php\/produit\/croquants-au-miel-et-amandes\/","title":{"rendered":"Croquants au Miel, amandes et graines d&rsquo;anis"},"content":{"rendered":"<p>Craquez pour nos croquants artisanaux, une fusion parfaite d&rsquo;amandes grill\u00e9es, de miel dor\u00e9 et de graines d&rsquo;anis. Une texture croquante et une saveur riche, id\u00e9ale pour accompagner votre caf\u00e9 ou th\u00e9 gourmand.<\/p>\n","protected":false},"excerpt":{"rendered":"<p>Sachet de 130g.<\/p>\n","protected":false},"featured_media":310,"template":"","meta":[],"product_brand":[],"product_cat":[22],"product_tag":[],"class_list":{"0":"post-424","1":"product","2":"type-product","3":"status-publish","4":"has-post-thumbnail","6":"product_cat-produits-derives-du-miel","8":"first","9":"instock","10":"taxable","11":"shipping-taxable","12":"purchasable","13":"product-type-simple"},"_links":{"self":[{"href":"https:\/\/marcrebuffo.com\/index.php\/wp-json\/wp\/v2\/product\/424","targetHints":{"allow":["GET"]}}],"collection":[{"href":"https:\/\/marcrebuffo.com\/index.php\/wp-json\/wp\/v2\/product"}],"about":[{"href":"https:\/\/marcrebuffo.com\/index.php\/wp-json\/wp\/v2\/types\/product"}],"wp:featuredmedia":[{"embeddable":true,"href":"https:\/\/marcrebuffo.com\/index.php\/wp-json\/wp\/v2\/media\/310"}],"wp:attachment":[{"href":"https:\/\/marcrebuffo.com\/index.php\/wp-json\/wp\/v2\/media?parent=424"}],"wp:term":[{"taxonomy":"product_brand","embeddable":true,"href":"https:\/\/marcrebuffo.com\/index.php\/wp-json\/wp\/v2\/product_brand?post=424"},{"taxonomy":"product_cat","embeddable":true,"href":"https:\/\/marcrebuffo.com\/index.php\/wp-json\/wp\/v2\/product_cat?post=424"},{"taxonomy":"product_tag","embeddable":true,"href":"https:\/\/marcrebuffo.com\/index.php\/wp-json\/wp\/v2\/product_tag?post=424"}],"curies":[{"name":"wp","href":"https:\/\/api.w.org\/{rel}","templated":true}]}}